{"id":68,"date":"2020-09-08T16:27:54","date_gmt":"2020-09-08T16:27:54","guid":{"rendered":"https:\/\/fakir.ch\/?page_id=68"},"modified":"2024-10-18T07:56:25","modified_gmt":"2024-10-18T07:56:25","slug":"fotos-aus-frueheren-shows","status":"publish","type":"page","link":"https:\/\/fakir.ch\/?page_id=68","title":{"rendered":"Fotos"},"content":{"rendered":"<p><span style=\"font-size: 14pt;\">Rodani als feuerspuckender H\u00f6lloch-Teufel nach dem H\u00f6hlenraclette oder H\u00f6hlenapero als H\u00f6hepunkt bei <a href=\"http:\/\/trekking.ch\" target=\"_blank\" rel=\"noopener\">trekking.ch<\/a> buchbar.<\/span><\/p>\n<p><img loading=\"lazy\" decoding=\"async\" class=\"alignnone wp-image-630 size-large\" src=\"https:\/\/fakir.ch\/wp-content\/uploads\/2023\/10\/Feuerspucken-Hoelloch-1024x580.jpg\" alt=\"\" width=\"584\" height=\"331\" srcset=\"https:\/\/fakir.ch\/wp-content\/uploads\/2023\/10\/Feuerspucken-Hoelloch-1024x580.jpg 1024w, https:\/\/fakir.ch\/wp-content\/uploads\/2023\/10\/Feuerspucken-Hoelloch-300x170.jpg 300w, https:\/\/fakir.ch\/wp-content\/uploads\/2023\/10\/Feuerspucken-Hoelloch-768x435.jpg 768w, https:\/\/fakir.ch\/wp-content\/uploads\/2023\/10\/Feuerspucken-Hoelloch-500x283.jpg 500w, https:\/\/fakir.ch\/wp-content\/uploads\/2023\/10\/Feuerspucken-Hoelloch.jpg 1251w\" sizes=\"auto, (max-width: 584px) 100vw, 584px\" \/><\/p>\n<p><img loading=\"lazy\" decoding=\"async\" class=\"alignnone wp-image-671 size-large\" src=\"https:\/\/fakir.ch\/wp-content\/uploads\/2024\/10\/Hoelloch-Teufel-981x1024.jpg\" alt=\"\" width=\"584\" height=\"610\" srcset=\"https:\/\/fakir.ch\/wp-content\/uploads\/2024\/10\/Hoelloch-Teufel-981x1024.jpg 981w, https:\/\/fakir.ch\/wp-content\/uploads\/2024\/10\/Hoelloch-Teufel-287x300.jpg 287w, https:\/\/fakir.ch\/wp-content\/uploads\/2024\/10\/Hoelloch-Teufel-768x802.jpg 768w, https:\/\/fakir.ch\/wp-content\/uploads\/2024\/10\/Hoelloch-Teufel-1471x1536.jpg 1471w, https:\/\/fakir.ch\/wp-content\/uploads\/2024\/10\/Hoelloch-Teufel-1962x2048.jpg 1962w\" sizes=\"auto, (max-width: 584px) 100vw, 584px\" \/><\/p>\n<hr \/>\n<p><a href=\"https:\/\/fakir.ch\/?page_id=559\"><span style=\"font-size: 14pt;\">Feuershow beim Huber-Hof in Gerenschwil, Fenkrieden AG\u00a0<\/span><\/a><\/p>\n<hr \/>\n<p><a href=\"https:\/\/fakir.ch\/?page_id=542\"><img loading=\"lazy\" decoding=\"async\" class=\"alignnone wp-image-551 size-full\" src=\"https:\/\/fakir.ch\/wp-content\/uploads\/2022\/12\/Eventlokal.jpg\" alt=\"\" width=\"793\" height=\"500\" srcset=\"https:\/\/fakir.ch\/wp-content\/uploads\/2022\/12\/Eventlokal.jpg 793w, https:\/\/fakir.ch\/wp-content\/uploads\/2022\/12\/Eventlokal-300x189.jpg 300w, https:\/\/fakir.ch\/wp-content\/uploads\/2022\/12\/Eventlokal-768x484.jpg 768w, https:\/\/fakir.ch\/wp-content\/uploads\/2022\/12\/Eventlokal-476x300.jpg 476w\" sizes=\"auto, (max-width: 793px) 100vw, 793px\" \/><\/a><a href=\"https:\/\/fakir.ch\/?page_id=542\"><span style=\"font-size: 14pt;\">Feuershow im Eventlokal des &#171;Muotapark&#187; der SuterHolz GmbH<\/span><\/a><\/p>\n<hr \/>\n<p><a href=\"https:\/\/fakir.ch\/?page_id=520\"><span style=\"font-size: 14pt;\">Die zwei Grundelemente &#171;Feuer und Wasser&#187; im H\u00f6lloch<\/span><\/a><\/p>\n<p><a href=\"https:\/\/fakir.ch\/?page_id=520\"><img loading=\"lazy\" decoding=\"async\" class=\"alignnone wp-image-507 size-large\" src=\"https:\/\/fakir.ch\/wp-content\/uploads\/2022\/08\/IMG_2286-1024x768.jpeg\" alt=\"\" width=\"584\" height=\"438\" srcset=\"https:\/\/fakir.ch\/wp-content\/uploads\/2022\/08\/IMG_2286-1024x768.jpeg 1024w, https:\/\/fakir.ch\/wp-content\/uploads\/2022\/08\/IMG_2286-300x225.jpeg 300w, https:\/\/fakir.ch\/wp-content\/uploads\/2022\/08\/IMG_2286-768x576.jpeg 768w, https:\/\/fakir.ch\/wp-content\/uploads\/2022\/08\/IMG_2286-1536x1152.jpeg 1536w, https:\/\/fakir.ch\/wp-content\/uploads\/2022\/08\/IMG_2286-400x300.jpeg 400w, https:\/\/fakir.ch\/wp-content\/uploads\/2022\/08\/IMG_2286.jpeg 2048w\" sizes=\"auto, (max-width: 584px) 100vw, 584px\" \/><\/a><\/p>\n<hr \/>\n<p><a href=\"https:\/\/fakir.ch\/?page_id=473\"><span style=\"font-size: 14pt;\">Markt &#8211; Gottesdienst am 01. Mai 2022 in Teufen AI<\/span><\/a><\/p>\n<p><a href=\"https:\/\/fakir.ch\/?page_id=473\"><img loading=\"lazy\" decoding=\"async\" class=\"alignnone wp-image-467 size-large\" src=\"https:\/\/fakir.ch\/wp-content\/uploads\/2022\/05\/20220501_104629-1024x768.jpg\" alt=\"\" width=\"584\" height=\"438\" srcset=\"https:\/\/fakir.ch\/wp-content\/uploads\/2022\/05\/20220501_104629-1024x768.jpg 1024w, https:\/\/fakir.ch\/wp-content\/uploads\/2022\/05\/20220501_104629-300x225.jpg 300w, https:\/\/fakir.ch\/wp-content\/uploads\/2022\/05\/20220501_104629-768x576.jpg 768w, https:\/\/fakir.ch\/wp-content\/uploads\/2022\/05\/20220501_104629-1536x1152.jpg 1536w, https:\/\/fakir.ch\/wp-content\/uploads\/2022\/05\/20220501_104629-2048x1536.jpg 2048w, https:\/\/fakir.ch\/wp-content\/uploads\/2022\/05\/20220501_104629-400x300.jpg 400w\" sizes=\"auto, (max-width: 584px) 100vw, 584px\" \/><\/a><\/p>\n<hr \/>\n<p><a href=\"https:\/\/fakir.ch\/?page_id=376\"><span style=\"font-size: 14pt;\">Geburtstags-Apero mit der Feuershow des H\u00f6lloch-Teufels!<\/span><\/a><\/p>\n<p><a href=\"https:\/\/fakir.ch\/?page_id=376\"><img loading=\"lazy\" decoding=\"async\" class=\"alignnone wp-image-385 size-large\" src=\"https:\/\/fakir.ch\/wp-content\/uploads\/2021\/09\/06-768x1024.jpg\" alt=\"\" width=\"584\" height=\"779\" srcset=\"https:\/\/fakir.ch\/wp-content\/uploads\/2021\/09\/06-768x1024.jpg 768w, https:\/\/fakir.ch\/wp-content\/uploads\/2021\/09\/06-225x300.jpg 225w, https:\/\/fakir.ch\/wp-content\/uploads\/2021\/09\/06-1152x1536.jpg 1152w, https:\/\/fakir.ch\/wp-content\/uploads\/2021\/09\/06.jpg 1536w\" sizes=\"auto, (max-width: 584px) 100vw, 584px\" \/><\/a><\/p>\n<hr \/>\n<p><a href=\"https:\/\/fakir.ch\/?page_id=366\"><span style=\"font-size: 14pt;\">Jahresschulbeginn der Sch\u00fcler von Ober\u00e4geri zum Thema &#171;Energie&#187;<\/span><\/a><\/p>\n<p><a href=\"https:\/\/fakir.ch\/?page_id=366\"><img loading=\"lazy\" decoding=\"async\" class=\"alignnone wp-image-364 size-large\" src=\"https:\/\/fakir.ch\/wp-content\/uploads\/2021\/08\/IMG-20210818-WA0002-1024x768.jpg\" alt=\"\" width=\"584\" height=\"438\" srcset=\"https:\/\/fakir.ch\/wp-content\/uploads\/2021\/08\/IMG-20210818-WA0002-1024x768.jpg 1024w, https:\/\/fakir.ch\/wp-content\/uploads\/2021\/08\/IMG-20210818-WA0002-300x225.jpg 300w, https:\/\/fakir.ch\/wp-content\/uploads\/2021\/08\/IMG-20210818-WA0002-768x576.jpg 768w, https:\/\/fakir.ch\/wp-content\/uploads\/2021\/08\/IMG-20210818-WA0002-1536x1152.jpg 1536w, https:\/\/fakir.ch\/wp-content\/uploads\/2021\/08\/IMG-20210818-WA0002-400x300.jpg 400w, https:\/\/fakir.ch\/wp-content\/uploads\/2021\/08\/IMG-20210818-WA0002.jpg 2048w\" sizes=\"auto, (max-width: 584px) 100vw, 584px\" \/><\/a><\/p>\n<hr \/>\n<p><span style=\"font-size: 14pt;\"><a href=\"https:\/\/fakir.ch\/?page_id=253\">Abteilungs &#8211; Event am 03. September 2020<\/a><\/span><\/p>\n<p><a href=\"https:\/\/fakir.ch\/?page_id=253\"><img loading=\"lazy\" decoding=\"async\" class=\"alignnone wp-image-263 size-large\" src=\"https:\/\/fakir.ch\/wp-content\/uploads\/2020\/09\/13-1024x768.jpg\" alt=\"\" width=\"584\" height=\"438\" srcset=\"https:\/\/fakir.ch\/wp-content\/uploads\/2020\/09\/13-1024x768.jpg 1024w, https:\/\/fakir.ch\/wp-content\/uploads\/2020\/09\/13-300x225.jpg 300w, https:\/\/fakir.ch\/wp-content\/uploads\/2020\/09\/13-768x576.jpg 768w, https:\/\/fakir.ch\/wp-content\/uploads\/2020\/09\/13-1536x1152.jpg 1536w, https:\/\/fakir.ch\/wp-content\/uploads\/2020\/09\/13-2048x1536.jpg 2048w, https:\/\/fakir.ch\/wp-content\/uploads\/2020\/09\/13-400x300.jpg 400w\" sizes=\"auto, (max-width: 584px) 100vw, 584px\" \/><\/a><\/p>\n<hr \/>\n<p><span style=\"font-family: arial,helvetica,sans-serif; font-size: 14pt;\">Fotos aus fr\u00fcheren Shows.<\/span><\/p>\n<p><img loading=\"lazy\" decoding=\"async\" class=\"alignnone wp-image-81 size-large\" src=\"https:\/\/fakir.ch\/wp-content\/uploads\/2020\/09\/74680696_2771609522858520_8092427300080975872_o-1024x683.jpg\" alt=\"\" width=\"584\" height=\"390\" srcset=\"https:\/\/fakir.ch\/wp-content\/uploads\/2020\/09\/74680696_2771609522858520_8092427300080975872_o-1024x683.jpg 1024w, https:\/\/fakir.ch\/wp-content\/uploads\/2020\/09\/74680696_2771609522858520_8092427300080975872_o-300x200.jpg 300w, https:\/\/fakir.ch\/wp-content\/uploads\/2020\/09\/74680696_2771609522858520_8092427300080975872_o-768x512.jpg 768w, https:\/\/fakir.ch\/wp-content\/uploads\/2020\/09\/74680696_2771609522858520_8092427300080975872_o-1536x1024.jpg 1536w, https:\/\/fakir.ch\/wp-content\/uploads\/2020\/09\/74680696_2771609522858520_8092427300080975872_o-450x300.jpg 450w, https:\/\/fakir.ch\/wp-content\/uploads\/2020\/09\/74680696_2771609522858520_8092427300080975872_o.jpg 1800w\" sizes=\"auto, (max-width: 584px) 100vw, 584px\" \/><\/p>\n<p><img loading=\"lazy\" decoding=\"async\" class=\"alignnone wp-image-82 size-large\" src=\"https:\/\/fakir.ch\/wp-content\/uploads\/2020\/09\/73513627_2771610469525092_4677942370073837568_o-1024x683.jpg\" alt=\"\" width=\"584\" height=\"390\" srcset=\"https:\/\/fakir.ch\/wp-content\/uploads\/2020\/09\/73513627_2771610469525092_4677942370073837568_o-1024x683.jpg 1024w, https:\/\/fakir.ch\/wp-content\/uploads\/2020\/09\/73513627_2771610469525092_4677942370073837568_o-300x200.jpg 300w, https:\/\/fakir.ch\/wp-content\/uploads\/2020\/09\/73513627_2771610469525092_4677942370073837568_o-768x512.jpg 768w, https:\/\/fakir.ch\/wp-content\/uploads\/2020\/09\/73513627_2771610469525092_4677942370073837568_o-1536x1024.jpg 1536w, https:\/\/fakir.ch\/wp-content\/uploads\/2020\/09\/73513627_2771610469525092_4677942370073837568_o-450x300.jpg 450w, https:\/\/fakir.ch\/wp-content\/uploads\/2020\/09\/73513627_2771610469525092_4677942370073837568_o.jpg 1800w\" sizes=\"auto, (max-width: 584px) 100vw, 584px\" \/>Show in Rodna und Turda (Rum\u00e4nien) 2019<\/p>\n<p><img loading=\"lazy\" decoding=\"async\" class=\"alignnone wp-image-84 size-large\" src=\"https:\/\/fakir.ch\/wp-content\/uploads\/2020\/09\/Feuershow-Rodna-01-1024x683.jpg\" alt=\"\" width=\"584\" height=\"390\" srcset=\"https:\/\/fakir.ch\/wp-content\/uploads\/2020\/09\/Feuershow-Rodna-01-1024x683.jpg 1024w, https:\/\/fakir.ch\/wp-content\/uploads\/2020\/09\/Feuershow-Rodna-01-300x200.jpg 300w, https:\/\/fakir.ch\/wp-content\/uploads\/2020\/09\/Feuershow-Rodna-01-768x512.jpg 768w, https:\/\/fakir.ch\/wp-content\/uploads\/2020\/09\/Feuershow-Rodna-01-1536x1024.jpg 1536w, https:\/\/fakir.ch\/wp-content\/uploads\/2020\/09\/Feuershow-Rodna-01-450x300.jpg 450w, https:\/\/fakir.ch\/wp-content\/uploads\/2020\/09\/Feuershow-Rodna-01.jpg 1600w\" sizes=\"auto, (max-width: 584px) 100vw, 584px\" \/><\/p>\n<p><img loading=\"lazy\" decoding=\"async\" class=\"alignnone wp-image-85 size-large\" src=\"https:\/\/fakir.ch\/wp-content\/uploads\/2020\/09\/Feuershow-Rodna-03-1024x683.jpg\" alt=\"\" width=\"584\" height=\"390\" srcset=\"https:\/\/fakir.ch\/wp-content\/uploads\/2020\/09\/Feuershow-Rodna-03-1024x683.jpg 1024w, https:\/\/fakir.ch\/wp-content\/uploads\/2020\/09\/Feuershow-Rodna-03-300x200.jpg 300w, https:\/\/fakir.ch\/wp-content\/uploads\/2020\/09\/Feuershow-Rodna-03-768x512.jpg 768w, https:\/\/fakir.ch\/wp-content\/uploads\/2020\/09\/Feuershow-Rodna-03-1536x1024.jpg 1536w, https:\/\/fakir.ch\/wp-content\/uploads\/2020\/09\/Feuershow-Rodna-03-450x300.jpg 450w, https:\/\/fakir.ch\/wp-content\/uploads\/2020\/09\/Feuershow-Rodna-03.jpg 1600w\" sizes=\"auto, (max-width: 584px) 100vw, 584px\" \/>Show in Rodna Rum\u00e4nien 2018<\/p>\n<p><img loading=\"lazy\" decoding=\"async\" class=\"alignnone wp-image-86 size-large\" src=\"https:\/\/fakir.ch\/wp-content\/uploads\/2020\/09\/Sennenchilbi-2013_0200-681x1024.jpg\" alt=\"\" width=\"584\" height=\"878\" srcset=\"https:\/\/fakir.ch\/wp-content\/uploads\/2020\/09\/Sennenchilbi-2013_0200-681x1024.jpg 681w, https:\/\/fakir.ch\/wp-content\/uploads\/2020\/09\/Sennenchilbi-2013_0200-200x300.jpg 200w, https:\/\/fakir.ch\/wp-content\/uploads\/2020\/09\/Sennenchilbi-2013_0200-768x1154.jpg 768w, https:\/\/fakir.ch\/wp-content\/uploads\/2020\/09\/Sennenchilbi-2013_0200-1022x1536.jpg 1022w, https:\/\/fakir.ch\/wp-content\/uploads\/2020\/09\/Sennenchilbi-2013_0200-1363x2048.jpg 1363w, https:\/\/fakir.ch\/wp-content\/uploads\/2020\/09\/Sennenchilbi-2013_0200-scaled.jpg 1703w\" sizes=\"auto, (max-width: 584px) 100vw, 584px\" \/><\/p>\n<p><img loading=\"lazy\" decoding=\"async\" class=\"alignnone wp-image-588 size-full\" src=\"https:\/\/fakir.ch\/wp-content\/uploads\/2023\/02\/Feuerspucken-2013.jpg\" alt=\"\" width=\"844\" height=\"951\" srcset=\"https:\/\/fakir.ch\/wp-content\/uploads\/2023\/02\/Feuerspucken-2013.jpg 844w, https:\/\/fakir.ch\/wp-content\/uploads\/2023\/02\/Feuerspucken-2013-266x300.jpg 266w, https:\/\/fakir.ch\/wp-content\/uploads\/2023\/02\/Feuerspucken-2013-768x865.jpg 768w\" sizes=\"auto, (max-width: 844px) 100vw, 844px\" \/><\/p>\n<p><img loading=\"lazy\" decoding=\"async\" class=\"alignnone wp-image-87 size-large\" src=\"https:\/\/fakir.ch\/wp-content\/uploads\/2020\/09\/Sennenchilbi-2013_0209-1024x681.jpg\" alt=\"\" width=\"584\" height=\"388\" srcset=\"https:\/\/fakir.ch\/wp-content\/uploads\/2020\/09\/Sennenchilbi-2013_0209-1024x681.jpg 1024w, https:\/\/fakir.ch\/wp-content\/uploads\/2020\/09\/Sennenchilbi-2013_0209-300x200.jpg 300w, https:\/\/fakir.ch\/wp-content\/uploads\/2020\/09\/Sennenchilbi-2013_0209-768x511.jpg 768w, https:\/\/fakir.ch\/wp-content\/uploads\/2020\/09\/Sennenchilbi-2013_0209-1536x1022.jpg 1536w, https:\/\/fakir.ch\/wp-content\/uploads\/2020\/09\/Sennenchilbi-2013_0209-2048x1363.jpg 2048w, https:\/\/fakir.ch\/wp-content\/uploads\/2020\/09\/Sennenchilbi-2013_0209-451x300.jpg 451w\" sizes=\"auto, (max-width: 584px) 100vw, 584px\" \/>Als Pirat an der Sennenkilbi 2013<\/p>\n<p><img loading=\"lazy\" decoding=\"async\" class=\"alignnone wp-image-83 size-full\" src=\"https:\/\/fakir.ch\/wp-content\/uploads\/2020\/09\/Feuershow-Kamaeleon-02.jpg\" alt=\"\" width=\"960\" height=\"640\" srcset=\"https:\/\/fakir.ch\/wp-content\/uploads\/2020\/09\/Feuershow-Kamaeleon-02.jpg 960w, https:\/\/fakir.ch\/wp-content\/uploads\/2020\/09\/Feuershow-Kamaeleon-02-300x200.jpg 300w, https:\/\/fakir.ch\/wp-content\/uploads\/2020\/09\/Feuershow-Kamaeleon-02-768x512.jpg 768w, https:\/\/fakir.ch\/wp-content\/uploads\/2020\/09\/Feuershow-Kamaeleon-02-450x300.jpg 450w\" sizes=\"auto, (max-width: 960px) 100vw, 960px\" \/>Diverse Auftritte als Fakir in der Schweiz und im benachbarten Ausland.<\/p>\n<p><img loading=\"lazy\" decoding=\"async\" class=\"alignnone wp-image-78 size-full\" src=\"https:\/\/fakir.ch\/wp-content\/uploads\/2020\/09\/Aeschbacher06F.jpg\" alt=\"\" width=\"569\" height=\"321\" srcset=\"https:\/\/fakir.ch\/wp-content\/uploads\/2020\/09\/Aeschbacher06F.jpg 569w, https:\/\/fakir.ch\/wp-content\/uploads\/2020\/09\/Aeschbacher06F-300x169.jpg 300w, https:\/\/fakir.ch\/wp-content\/uploads\/2020\/09\/Aeschbacher06F-500x282.jpg 500w\" sizes=\"auto, (max-width: 569px) 100vw, 569px\" \/><\/p>\n<p><img loading=\"lazy\" decoding=\"async\" class=\"alignnone wp-image-79 size-full\" src=\"https:\/\/fakir.ch\/wp-content\/uploads\/2020\/09\/Aeschbacher05.jpg\" alt=\"\" width=\"568\" height=\"319\" srcset=\"https:\/\/fakir.ch\/wp-content\/uploads\/2020\/09\/Aeschbacher05.jpg 568w, https:\/\/fakir.ch\/wp-content\/uploads\/2020\/09\/Aeschbacher05-300x168.jpg 300w, https:\/\/fakir.ch\/wp-content\/uploads\/2020\/09\/Aeschbacher05-500x281.jpg 500w\" sizes=\"auto, (max-width: 568px) 100vw, 568px\" \/>Auftritt in der Sendung Aeschbacher im Jahr 2008<\/p>\n<p><img loading=\"lazy\" decoding=\"async\" class=\"alignnone wp-image-75 size-large\" src=\"https:\/\/fakir.ch\/wp-content\/uploads\/2020\/09\/Ballenberg13-1024x683.jpg\" alt=\"\" width=\"584\" height=\"390\" srcset=\"https:\/\/fakir.ch\/wp-content\/uploads\/2020\/09\/Ballenberg13-1024x683.jpg 1024w, https:\/\/fakir.ch\/wp-content\/uploads\/2020\/09\/Ballenberg13-300x200.jpg 300w, https:\/\/fakir.ch\/wp-content\/uploads\/2020\/09\/Ballenberg13-768x512.jpg 768w, https:\/\/fakir.ch\/wp-content\/uploads\/2020\/09\/Ballenberg13-1536x1024.jpg 1536w, https:\/\/fakir.ch\/wp-content\/uploads\/2020\/09\/Ballenberg13-2048x1365.jpg 2048w, https:\/\/fakir.ch\/wp-content\/uploads\/2020\/09\/Ballenberg13-450x300.jpg 450w\" sizes=\"auto, (max-width: 584px) 100vw, 584px\" \/><\/p>\n<p><img loading=\"lazy\" decoding=\"async\" class=\"alignnone wp-image-76 size-large\" src=\"https:\/\/fakir.ch\/wp-content\/uploads\/2020\/09\/Speien-1024x683.jpg\" alt=\"\" width=\"584\" height=\"390\" srcset=\"https:\/\/fakir.ch\/wp-content\/uploads\/2020\/09\/Speien-1024x683.jpg 1024w, https:\/\/fakir.ch\/wp-content\/uploads\/2020\/09\/Speien-300x200.jpg 300w, https:\/\/fakir.ch\/wp-content\/uploads\/2020\/09\/Speien-768x512.jpg 768w, https:\/\/fakir.ch\/wp-content\/uploads\/2020\/09\/Speien-1536x1024.jpg 1536w, https:\/\/fakir.ch\/wp-content\/uploads\/2020\/09\/Speien-2048x1365.jpg 2048w, https:\/\/fakir.ch\/wp-content\/uploads\/2020\/09\/Speien-450x300.jpg 450w\" sizes=\"auto, (max-width: 584px) 100vw, 584px\" \/>Im Landschaftstheater Ballenberg 2008 Theater &#171;Die Siebtelbauern&#187;<\/p>\n<p><img loading=\"lazy\" decoding=\"async\" class=\"alignnone wp-image-94 size-large\" src=\"https:\/\/fakir.ch\/wp-content\/uploads\/2020\/09\/DSC_0324-1024x608.jpg\" alt=\"\" width=\"584\" height=\"347\" srcset=\"https:\/\/fakir.ch\/wp-content\/uploads\/2020\/09\/DSC_0324-1024x608.jpg 1024w, https:\/\/fakir.ch\/wp-content\/uploads\/2020\/09\/DSC_0324-300x178.jpg 300w, https:\/\/fakir.ch\/wp-content\/uploads\/2020\/09\/DSC_0324-768x456.jpg 768w, https:\/\/fakir.ch\/wp-content\/uploads\/2020\/09\/DSC_0324-500x297.jpg 500w, https:\/\/fakir.ch\/wp-content\/uploads\/2020\/09\/DSC_0324.jpg 1280w\" sizes=\"auto, (max-width: 584px) 100vw, 584px\" \/>10 Jahre waren Sharifa und Rodani als Duo Sharoni unterwegs.<\/p>\n","protected":false},"excerpt":{"rendered":"<p>Rodani als feuerspuckender H\u00f6lloch-Teufel nach dem H\u00f6hlenraclette oder H\u00f6hlenapero als H\u00f6hepunkt bei trekking.ch buchbar. Feuershow beim Huber-Hof in Gerenschwil, Fenkrieden AG\u00a0 Feuershow im Eventlokal des &#171;Muotapark&#187; der SuterHolz GmbH Die zwei Grundelemente &#171;Feuer und Wasser&#187; im H\u00f6lloch Markt &#8211; Gottesdienst &hellip; <a href=\"https:\/\/fakir.ch\/?page_id=68\">Weiterlesen <span class=\"meta-nav\">&rarr;<\/span><\/a><\/p>\n","protected":false},"author":1,"featured_media":0,"parent":0,"menu_order":0,"comment_status":"closed","ping_status":"closed","template":"","meta":{"footnotes":""},"class_list":["post-68","page","type-page","status-publish","hentry"],"_links":{"self":[{"href":"https:\/\/fakir.ch\/index.php?rest_route=\/wp\/v2\/pages\/68","targetHints":{"allow":["GET"]}}],"collection":[{"href":"https:\/\/fakir.ch\/index.php?rest_route=\/wp\/v2\/pages"}],"about":[{"href":"https:\/\/fakir.ch\/index.php?rest_route=\/wp\/v2\/types\/page"}],"author":[{"embeddable":true,"href":"https:\/\/fakir.ch\/index.php?rest_route=\/wp\/v2\/users\/1"}],"replies":[{"embeddable":true,"href":"https:\/\/fakir.ch\/index.php?rest_route=%2Fwp%2Fv2%2Fcomments&post=68"}],"version-history":[{"count":42,"href":"https:\/\/fakir.ch\/index.php?rest_route=\/wp\/v2\/pages\/68\/revisions"}],"predecessor-version":[{"id":672,"href":"https:\/\/fakir.ch\/index.php?rest_route=\/wp\/v2\/pages\/68\/revisions\/672"}],"wp:attachment":[{"href":"https:\/\/fakir.ch\/index.php?rest_route=%2Fwp%2Fv2%2Fmedia&parent=68"}],"curies":[{"name":"wp","href":"https:\/\/api.w.org\/{rel}","templated":true}]}}